Let r be ((-484)/(-3))/(2/v). List the prime factors of (-2)/((24/r)/3).
11
Suppose -3*b - 3*o + 5*o = -330, -b = o - 105. Suppose -5*t - 5*h + 130 = 0, h + 4*h = -4*t + b. What are the prime factors of (-50380)/(-242) - 4/t?
2, 13
Let u = 47 + -50. Let o(r) = 30*r**2 + 17*r + 26. List the prime factors of o(u).
5, 7
Let w(l) = -l**3 + 11*l**2 - 14*l + 28. Suppose -4*k - 3*f = -0*f - 22, -4*k - f + 26 = 0. What are the prime factors of w(k)?
2, 3, 7
Suppose u + p = 1610, 0 = 3*u - 5*p - 1143 - 3703. Suppose u = 25*m - 21*m. List the prime factors of m.
13, 31
Let s(l) be the third derivative of -l**6/120 - l**5/5 - 7*l**4/8 - 5*l**3/2 + 2*l**2 + 14*l. What are the prime factors of s(-11)?
5, 19
Let f = -32177 + 34950. List the prime factors of f.
47, 59
Suppose 5*n + 2 = 17. List the prime factors of 40 - (2 - (n + -1)).
2, 5
Suppose -8*f = f - 17100. Suppose -32*r = -52*r + f. List the prime factors of r.
5, 19
Let f(m) = -3*m**3 + 3*m**2 + 14*m - 10. Let c be f(-6). List the prime factors of c/6 - (7 - 6)/3.
2, 5, 11
Let p(z) be the third derivative of z**6/120 + 2*z**5/15 - 3*z**4/8 + z**3 - 7*z**2. Let f be p(-8). Suppose f = 24*a - 23*a. What are the prime factors of a?
2, 3, 13
Suppose 12*a = i + 9*a - 24, 5 = -a. Let d(n) = 2*n**3 - 15*n**2 + 18*n + 12. What are the prime factors of d(i)?
3, 139
Let c(l) = -18*l - 78. Let m be c(-11). Let x = -33 + m. List the prime factors of x.
3, 29
Suppose 0 = -r - 56 - 13. Let i = 69 + r. Suppose 5*o = -3*v + 300, i = 2*o + 3*o - 5*v - 340. List the prime factors of o.
3, 7
Suppose 5*b - 2*b = 27. Suppose 0 = -4*l - 1 + b. Suppose 448 = 6*f + l*f. What are the prime factors of f?
2, 7
Let d(b) = 4*b - 3. Let q be d(-2). Let f = q + 16. Suppose -4 + 2 = k, 5*h - f*k = 710. List the prime factors of h.
2, 5, 7
Let q be (-4)/(-18) + 2563/9. Let i be ((-4)/3)/(19/q). List the prime factors of 5/((-25)/i) - -41.
3, 5
Let a = 31498 + -4996. List the prime factors of a.
2, 3, 7, 631
Let g = -13337 - -27882. What are the prime factors of g?
5, 2909
Let k(f) = f**2 + 6*f + 18. Suppose -2*w + 103 + 149 = 0. Suppose w*y + 15 = 125*y. What are the prime factors of k(y)?
3, 17
Let q(z) = -4*z**3 - z**2 + 58*z + 35. What are the prime factors of q(-13)?
2, 5, 79
Let p(v) = -v**2 + 10*v - 17. Let z be p(8). Let m be 1 - (z + 6 + 4). List the prime factors of (-4)/(-16) + (-246)/m.
31
Let i(d) = 9*d + 3. Let f be i(9). Let o = -34 - -3. Let a = o + f. List the prime factors of a.
53
Suppose 53*p - 127498 = 172906. List the prime factors of p.
2, 13, 109
Let b(s) = -6*s**3 - 4*s**2 - 228*s + 22. What are the prime factors of b(-10)?
2, 3, 439
Let t be (160/96)/((-2)/54). List the prime factors of 1/(1/210) - (43 + t).
2, 53
Let w be 4/((-3)/15 + 1). Suppose -5*r = 5*b - 1610, -w*r + 3*b - 4*b = -1630. What are the prime factors of r?
3, 109
Suppose -41*v + 16968 = -48*v. Let k = -1680 - v. What are the prime factors of k?
2, 3, 31
Suppose 4*y + 11 = 35, 4*w - 25218 = -y. What are the prime factors of w?
3, 11, 191
Let a(k) = k**2 + 21*k + 57. Let p be a(-20). Suppose 45*n - p*n = 608. List the prime factors of n.
2, 19
Let r(d) = -d**3 + 13*d**2 + 5*d - 96. Suppose -x + 1 + 6 = c, 0 = -3*x + 5*c + 29. What are the prime factors of r(x)?
2, 3, 11
Let a = -6 + -17. Let p = 23 + a. Suppose -2*l - l + 219 = p. What are the prime factors of l?
73
Suppose 2*z - 36 = -o + 4*z, 2*o - 5*z = 76. Suppose -o*r + 1695 = -23*r. What are the prime factors of r?
3, 113
Let z(q) = 13286*q**3. Let d be z(1). Suppose 2*i = -c - 18, 6*c = 4*i + 4*c + 28. What are the prime factors of i/14 - d/(-98)?
3, 5
Let o(r) = -r**2 + 12*r - 27. Let v be 245/30 + (-2 - 44/(-24)). Let c be o(v). What are the prime factors of (4 - 6)*-71 + c?
3, 7
Let g = -5 - -8. Suppose 966 = 17*f - g*f. List the prime factors of f*2 + (30 - 28).
2, 5, 7
Suppose -25*h = -9*h - 64. Suppose -9370 = -5*s - b, -h*b = -5*s + 7613 + 1782. What are the prime factors of s?
3, 5
Let j = -337 + 599. List the prime factors of j + -37 + -1 + 1.
3, 5
Let i = 131 - 131. Suppose 3*s - 6 = 0, 16 = -i*m + m + 2*s. Suppose -446 = -2*x - 3*n, 2*x - m*n - 456 = -10*n. What are the prime factors of x?
2, 113
Let i = -44 - -45. Let j be -2 + 2 + (i - 3). What are the prime factors of (j - -3)*1 + 30?
31
Let z(v) = -v**2 - 11*v + 9. Let l be z(-11). Let n(x) = 2*x**3 - x. Let q be n(l). Suppose -q = -2*d - 7*d. What are the prime factors of d?
7, 23
Let h(a) = 9*a**2 + 29*a - 2815. List the prime factors of h(-67).
3, 109
Suppose 2*j = -4*d + 23432, 0 = 4*d - 7*j + 11*j - 23436. What are the prime factors of d?
5857
Let r = 336 + -311. Suppose r*o - 10503 = -1678. What are the prime factors of o?
353
Let f(g) = 21*g - 3. Let t be f(1). Let m be ((-6)/5)/(t/(-60)). Suppose -138 = -m*s + 30. What are the prime factors of s?
2, 3, 7
Let j(g) = -61*g - 418. List the prime factors of j(-83).
5, 929
Let k = 72552 - 4952. List the prime factors of k.
2, 5, 13
Let c(j) = 33*j**3 - 9*j**2 + 6*j + 12. Let f be c(5). Suppose -o = -0*r + 3*r - 980, -f = -4*o - r. List the prime factors of o.
2, 17, 29
Let p(d) = 17*d - 20. Let m be 0 - (8 + 2)*-1. Let t be p(m). Suppose 2*i - t - 16 = 0. What are the prime factors of i?
83
Let q = -302 + 305. What are the prime factors of (-349)/((-4 - (-7 + 4))/q)?
3, 349
Let f(r) = r**3 - 20*r**2 - 20*r - 14. Let x be f(21). List the prime factors of 39070/80 - ((-42)/(-16))/x.
2, 61
Suppose 0 = -29*k - 3*k + 128. Suppose -10*z = -15*z - k*s + 2114, z - 430 = s. What are the prime factors of z?
2, 3, 71
Suppose -57*f = -20*f - 111. Suppose -b + 35 = -f*p, 0 = -3*p + 6*p + 6. List the prime factors of b.
29
Suppose 6 = -3*o - 6. Let b be 290/35 - o/(-14). Suppose -l = -b*l + 140. What are the prime factors of l?
2, 5
Let w(l) = 607*l**2 - 36*l - 146. What are the prime factors of w(-5)?
67, 227
Let t be (2 + -1)/(-3*(-8)/(-23784)). Let u = t - -2200. Suppose 2*b = -5*c + u, -3*c + 571 + 156 = 2*b. What are the prime factors of c?
241
Let l = -38993 - -55309. What are the prime factors of l?
2, 4079
Suppose -775*l - 15912 = -779*l. Suppose -51*z + 42*z = -l. What are the prime factors of z?
2, 13, 17
Suppose -1 + 0 = -s. Let j be (s - -1)/(2/(-9)). List the prime factors of (j/45)/(3/(-165)).
11
Suppose v - 2*y = -v + 12, -10 = -v + 5*y. Let p be (4 + -2)/(2/43). Suppose -v*r = z - 99, 2*z - 129 = 3*r + p. What are the prime factors of z?
89
Let k = 902 + -217. Let q be -8*3*k/60. Let z = 510 + q. What are the prime factors of z?
2, 59
Let d be (-146)/(-10) - 18/30 - 2. Suppose -17*h + 25 = -d*h. Suppose 32 - 152 = -h*j. List the prime factors of j.
2, 3
Let q be ((-12)/(-10)*-1)/(186/620). What are the prime factors of (-1)/((-5)/(3831 - q))?
13, 59
Suppose 0 = 189*a - 161*a - 105252. List the prime factors of a.
3, 7, 179
Let i = -41136 - -70420. What are the prime factors of i?
2, 7321
Suppose -2068*p + 2146*p - 1150656 = 0. What are the prime factors of p?
2, 461
Suppose -2*a = -3*a - 4*s + 16, 4*a - 5*s + 41 = 0. Let r be (-2106)/(-21) + a - 6/21. Let w = r - 30. What are the prime factors of w?
2, 3, 11
Suppose 0 = -g - 2*b - 3*b + 11, 1 = g - 5*b. Let q be (3/g*(3 - 3))/1. Suppose 2*y - 28 - 60 = q. List the prime factors of y.
2, 11
Let m = 9241 - -7868. What are the prime factors of m?
3, 1901
Let s(b) = 288*b**2 - 22*b + 81. What are the prime factors of s(9)?
3, 2579
Let o = -30830 + 48162. What are the prime factors of o?
2, 7, 619
Let k(g) = -92*g**2 - g - 2 - 2*g + 135*g**3 + 96*g**2. Let s be k(2). Suppose 0 = x + 7*x - s. What are the prime factors of x?
2, 17
Let v = 91 - 91. Suppose m = 4*l + 116, v = -5*m + 6*m - 2*l - 120. List the prime factors of m.
2, 31
Let x(i) = -i**2 + 4*i + 4. Let v be x(6). Let d(u) = -2*u**3 - 11*u**2 + 7*u - 2. Let y be d(v). Let b = -162 + y. List the prime factors of b.
2, 5
Suppose -k + 2*m + 0 = 6, 0 = 2*k + m - 8. Suppose c + 7*s = 6*c - 4920, -k*s = -5*c + 4920. List the prime factors of c.
2, 3, 41
Suppose -5*a + 3*i + 23165 = 0, 0 = 8*a - 4*a + 4*i - 18564. What are the prime factors of a?
2, 19, 61
Let i(r) = 2*r + 35. Let h be i(-9). Suppose -20*z = h*z - 11100. List the prime factors of z.
2, 3, 5
Suppose a + r - 7095 = 1355, 2*r + 42208 = 5*a. What are the prime factors of a?
2, 2111
Suppose -225*h =